n factor of 63 and 72.
9
Calculate the greatest common factor of 1077 and 1436.
359
Calculate the highest common factor of 16704 and 783.
261
Calculate the highest common factor of 22 and 2266.
22
Calculate the greatest common factor of 1644 and 4.
4
What is the greatest common factor of 144 and 15480?
72
What is the greatest common divisor of 404 and 1717?
101
Calculate the greatest common factor of 300 and 24.
12
What is the highest common divisor of 31526 and 22?
22
What is the greatest common divisor of 153 and 6?
3
Calculate the greatest common factor of 16 and 836.
4
Calculate the highest common divisor of 105 and 120.
15
What is the highest common divisor of 711 and 27?
9
Calculate the greatest common factor of 4 and 508.
4
What is the greatest common factor of 4030 and 130?
130
What is the highest common factor of 47999 and 7?
7
Calculate the highest common factor of 364 and 70.
14
Calculate the highest common divisor of 55 and 352.
11
Calculate the greatest common factor of 759 and 621.
69
Calculate the greatest common factor of 20 and 55.
5
What is the greatest common divisor of 395 and 316?
79
Calculate the greatest common factor of 22 and 638.
22
What is the highest common divisor of 17352 and 16?
8
Calculate the greatest common divisor of 5568 and 192.
192
Calculate the greatest common divisor of 100 and 16.
4
Calculate the highest common factor of 489 and 45803.
163
What is the greatest common divisor of 50 and 10?
10
Calculate the greatest common divisor of 1700 and 40.
20
Calculate the greatest common factor of 62 and 1612.
62
Calculate the greatest common divisor of 266 and 76.
38
What is the highest common divisor of 31 and 3503?
31
Calculate the highest common divisor of 18 and 528.
6
What is the greatest common factor of 940 and 200?
20
What is the greatest common factor of 14 and 119?
7
Calculate the greatest common factor of 68 and 2652.
68
What is the greatest common divisor of 517 and 1504?
47
Calculate the highest common divisor of 20 and 500.
20
Calculate the greatest common divisor of 1054 and 68.
34
What is the highest common factor of 462 and 84?
42
Calculate the highest common divisor of 5707 and 39.
13
What is the highest common divisor of 88 and 396?
44
Calculate the highest common factor of 8 and 37448.
8
What is the highest common divisor of 522 and 696?
174
Calculate the greatest common factor of 4 and 1764.
4
What is the greatest common divisor of 11186 and 282?
94
What is the greatest common divisor of 17759 and 903?
301
Calculate the greatest common divisor of 148 and 16.
4
Calculate the greatest common divisor of 87 and 95961.
87
Calculate the highest common factor of 200 and 23440.
40
What is the highest common factor of 1690 and 250?
10
Calculate the greatest common divisor of 1656 and 1886.
46
Calculate the highest common factor of 104 and 24.
8
Calculate the highest common divisor of 215 and 86.
43
What is the highest common divisor of 49007 and 7?
7
What is the greatest common divisor of 1494 and 2158?
166
Calculate the greatest common divisor of 50 and 200.
50
Calculate the greatest common factor of 99 and 66.
33
What is the highest common factor of 258 and 24?
6
Calculate the greatest common divisor of 57 and 1824.
57
What is the greatest common factor of 455 and 260?
65
What is the greatest common divisor of 216 and 24?
24
Calculate the greatest common factor of 3809 and 78.
13
What is the highest common divisor of 80 and 32?
16
What is the highest common divisor of 168 and 192?
24
Calculate the highest common divisor of 189 and 105.
21
Calculate the highest common factor of 25 and 175.
25
Calculate the highest common divisor of 61138 and 154.
154
What is the greatest common factor of 46 and 2001?
23
Calculate the greatest common factor of 18 and 519.
3
Calculate the greatest common divisor of 13 and 12545.
13
What is the highest common factor of 136 and 2800?
8
Calculate the greatest common divisor of 133 and 35.
7
What is the highest common divisor of 500 and 400?
100
What is the highest common factor of 54 and 6?
6
What is the highest common divisor of 33 and 176?
11
What is the highest common divisor of 140 and 460?
20
What is the greatest common divisor of 2595 and 165?
15
Calculate the greatest common divisor of 92 and 12466.
46
What is the greatest common divisor of 4794 and 850?
34
What is the highest common divisor of 231 and 21?
21
What is the highest common divisor of 21 and 35?
7
What is the greatest common factor of 45 and 65?
5
What is the greatest common factor of 210 and 45?
15
What is the greatest common factor of 1 and 84?
1
Calculate the greatest common divisor of 1711 and 1421.
29
Calculate the greatest common factor of 91 and 13.
13
What is the highest common divisor of 5 and 160?
5
What is the greatest common factor of 33 and 352?
11
Calculate the greatest common divisor of 165 and 33.
33
What is the greatest common factor of 24 and 564?
12
What is the greatest common divisor of 11 and 3?
1
What is the highest common divisor of 2891 and 59?
59
Calculate the greatest common divisor of 770 and 280.
70
Calculate the highest common factor of 59 and 767.
59
Calculate the highest common divisor of 65 and 117.
13
What is the greatest common divisor of 788 and 985?
197
What is the greatest common divisor of 12769 and 226?
113
Calculate the greatest common factor of 264 and 484.
44
Calculate the highest common factor of 748 and 484.
44
What is the greatest common divisor of 7 and 31906?
7
What is the greatest common factor of 204 and 7293?
51
What is the highest common divisor of 418 and 154?
22
What is the highest common factor of 24 and 624?
24
What is the greatest common factor of 86 and 26?
2
Calculate the highest common divisor of 516 and 1677.
129
Calculate the greatest common factor of 1106 and 2370.
158
Calculate the greatest common factor of 10 and 640.
10
What is the highest common divisor of 24 and 1928?
8
What is the greatest common factor of 33 and 7095?
33
Calculate the highest common divisor of 473 and 11.
11
Calculate the highest common factor of 60 and 3495.
15
What is the greatest common divisor of 32 and 2?
2
Calculate the greatest common factor of 378 and 324.
54
What is the greatest common divisor of 80 and 1960?
40
What is the highest common factor of 703 and 111?
37
Calculate the greatest common divisor of 23 and 253.
23
What is the highest common factor of 1512 and 162?
54
Calculate the highest common factor of 1470 and 30.
30
Calculate the highest common divisor of 96 and 23064.
24
Calculate the greatest common divisor of 763 and 35.
7
What is the highest common factor of 264 and 396?
132
What is the greatest common factor of 68 and 102?
34
What is the greatest common divisor of 1672 and 44?
44
What is the greatest common divisor of 792 and 2970?
198
What is the greatest common factor of 308 and 99?
11
Calculate the highest common factor of 940 and 20.
20
Calculate the highest common factor of 4069 and 13.
13
Calculate the highest common factor of 2886 and 666.
222
What is the highest common divisor of 31 and 124?
31
Calculate the highest common divisor of 946 and 129.
43
What is the greatest common divisor of 3116 and 41?
41
What is the highest common factor of 24 and 60?
12
Calculate the greatest common factor of 65 and 9685.
65
What is the greatest common divisor of 119 and 1360?
17
What is the highest common factor of 64 and 8?
8
What is the highest common factor of 36 and 284?
4
Calculate the highest common divisor of 69 and 2553.
69
What is the greatest common factor of 2 and 765?
1
What is the greatest common factor of 1407 and 966?
21
Calculate the highest common divisor of 10 and 670.
10
What is the highest common factor of 442 and 39?
13
What is the highest common divisor of 108 and 108?
108
Calculate the greatest common factor of 408 and 340.
68
What is the highest common factor of 35 and 1605?
5
What is the greatest common divisor of 45 and 1215?
45
What is the highest common divisor of 26 and 14?
2
What is the highest common divisor of 45 and 9?
9
Calculate the highest common divisor of 38 and 24814.
38
What is the greatest common factor of 527 and 306?
17
Calculate the greatest common factor of 170 and 40.
10
Calculate the highest common div